 remainder when 394 is divided by 80.
74
Calculate the remainder when 79 is divided by 7.
2
Calculate the remainder when 1406 is divided by 234.
2
What is the remainder when 952 is divided by 33?
28
Calculate the remainder when 3347 is divided by 226.
183
What is the remainder when 1977 is divided by 45?
42
Calculate the remainder when 781 is divided by 134.
111
What is the remainder when 23597 is divided by 7865?
2
What is the remainder when 69 is divided by 5?
4
What is the remainder when 180 is divided by 58?
6
Calculate the remainder when 102 is divided by 65.
37
Calculate the remainder when 341 is divided by 303.
38
What is the remainder when 159 is divided by 72?
15
Calculate the remainder when 1556 is divided by 20.
16
Calculate the remainder when 104 is divided by 100.
4
What is the remainder when 386 is divided by 39?
35
Calculate the remainder when 1084 is divided by 215.
9
Calculate the remainder when 66 is divided by 17.
15
What is the remainder when 329 is divided by 14?
7
Calculate the remainder when 74 is divided by 7.
4
Calculate the remainder when 82 is divided by 22.
16
Calculate the remainder when 2899 is divided by 20.
19
Calculate the remainder when 530 is divided by 34.
20
Calculate the remainder when 948 is divided by 152.
36
Calculate the remainder when 83 is divided by 49.
34
What is the remainder when 928 is divided by 414?
100
What is the remainder when 53 is divided by 30?
23
Calculate the remainder when 1758 is divided by 98.
92
Calculate the remainder when 364 is divided by 16.
12
Calculate the remainder when 657 is divided by 4.
1
What is the remainder when 716 is divided by 80?
76
What is the remainder when 446 is divided by 189?
68
Calculate the remainder when 357 is divided by 18.
15
Calculate the remainder when 275 is divided by 94.
87
What is the remainder when 74 is divided by 5?
4
Calculate the remainder when 72 is divided by 18.
0
Calculate the remainder when 791 is divided by 24.
23
What is the remainder when 616 is divided by 51?
4
Calculate the remainder when 107 is divided by 22.
19
Calculate the remainder when 143 is divided by 31.
19
Calculate the remainder when 133 is divided by 61.
11
What is the remainder when 413 is divided by 107?
92
Calculate the remainder when 6316 is divided by 27.
25
What is the remainder when 88 is divided by 24?
16
Calculate the remainder when 3881 is divided by 93.
68
What is the remainder when 777 is divided by 20?
17
Calculate the remainder when 1476 is divided by 63.
27
What is the remainder when 466 is divided by 19?
10
Calculate the remainder when 297 is divided by 75.
72
What is the remainder when 3637 is divided by 145?
12
Calculate the remainder when 19341 is divided by 156.
153
What is the remainder when 129 is divided by 25?
4
Calculate the remainder when 29 is divided by 8.
5
Calculate the remainder when 1349 is divided by 15.
14
Calculate the remainder when 3807 is divided by 56.
55
What is the remainder when 282 is divided by 89?
15
Calculate the remainder when 2389 is divided by 80.
69
What is the remainder when 255 is divided by 143?
112
What is the remainder when 20177 is divided by 217?
213
Calculate the remainder when 198 is divided by 20.
18
Calculate the remainder when 280 is divided by 18.
10
What is the remainder when 505 is divided by 19?
11
Calculate the remainder when 157 is divided by 16.
13
What is the remainder when 53 is divided by 18?
17
What is the remainder when 183 is divided by 85?
13
What is the remainder when 1030 is divided by 8?
6
What is the remainder when 809 is divided by 27?
26
Calculate the remainder when 22197 is divided by 120.
117
What is the remainder when 663 is divided by 10?
3
What is the remainder when 4175 is divided by 7?
3
What is the remainder when 850 is divided by 128?
82
What is the remainder when 1549 is divided by 383?
17
What is the remainder when 904 is divided by 90?
4
What is the remainder when 124 is divided by 26?
20
Calculate the remainder when 4751 is divided by 97.
95
Calculate the remainder when 767 is divided by 96.
95
Calculate the remainder when 46 is divided by 6.
4
What is the remainder when 145 is divided by 96?
49
What is the remainder when 614 is divided by 69?
62
Calculate the remainder when 761 is divided by 180.
41
What is the remainder when 852 is divided by 122?
120
Calculate the remainder when 345 is divided by 314.
31
Calculate the remainder when 125 is divided by 19.
11
What is the remainder when 1534 is divided by 16?
14
What is the remainder when 2232 is divided by 34?
22
What is the remainder when 86 is divided by 18?
14
What is the remainder when 44 is divided by 17?
10
Calculate the remainder when 212 is divided by 55.
47
Calculate the remainder when 2646 is divided by 334.
308
Calculate the remainder when 386 is divided by 81.
62
What is the remainder when 339 is divided by 162?
15
Calculate the remainder when 326 is divided by 73.
34
Calculate the remainder when 281 is divided by 95.
91
What is the remainder when 167 is divided by 21?
20
Calculate the remainder when 287 is divided by 153.
134
What is the remainder when 802 is divided by 165?
142
What is the remainder when 134 is divided by 122?
12
What is the remainder when 82 is divided by 25?
7
Calculate the remainder when 421 is divided by 85.
81
What is the remainder when 544 is divided by 13?
11
Calculate the remainder when 187 is divided by 44.
11
Calculate the remainder when 2923 is divided by 20.
3
Calculate the remainder when 888 is divided by 39.
30
Calculate the remainder when 524 is divided by 35.
34
What is the remainder when 240 is divided by 84?
72
Calculate the remainder when 388 is divided by 92.
20
What is the remainder when 54 is divided by 45?
9
Calculate the remainder when 73 is divided by 51.
22
What is the remainder when 1768 is divided by 874?
20
What is the remainder when 29 is divided by 16?
13
What is the remainder when 70 is divided by 26?
18
Calculate the remainder when 4141 is divided by 219.
199
Calculate the remainder when 371 is divided by 12.
11
Calculate the remainder when 62 is divided by 60.
2
What is the remainder when 22493 is divided by 326?
325
Calculate the remainder when 1144 is divided by 76.
4
Calculate the remainder when 575 is divided by 143.
3
Calculate the remainder when 119 is divided by 20.
19
What is the remainder when 1931 is divided by 43?
39
What is the remainder when 831 is divided by 209?
204
What is the remainder when 699 is divided by 32?
27
Calculate the remainder when 6607 is divided by 21.
13
Calculate the remainder when 453 is divided by 449.
4
What is the remainder when 421 is divided by 51?
13
Calculate the remainder when 731 is divided by 16.
11
What is the remainder when 953 is divided by 137?
131
Calculate the remainder when 668 is divided by 61.
58
Calculate the remainder when 473 is divided by 14.
11
Calculate the remainder when 1140 is divided by 196.
160
Calculate the remainder when 236 is divided by 49.
40
What is the remainder when 796 is divided by 38?
36
Calculate the remainder when 1653 is divided by 543.
24
What is the remainder when 122 is divided by 121?
1
Calculate the remainder when 140 is divided by 72.
68
Calculate the remainder when 204 is divided by 147.
57
Calculate the remainder when 125 is divided by 6.
5
What is the remainder when 2901 is divided by 242?
239
What is the remainder when 334 is divided by 286?
48
Calculate the remainder when 760 is divided by 59.
52
Calculate the remainder when 702 is divided by 22.
20
Calculate the remainder when 471 is divided by 21.
9
What is the remainder when 471 is divided by 141?
48
What is the remainder when 99 is divided by 4?
3
What is the remainder when 207 is divided by 5?
2
What is the remainder when 214 is divided by 125?
89
What is the remainder when 26745 is divided by 86?
85
Calculate the remainder when 1792 is divided by 30.
22
Calculate the remainder when 176 is divided by 59.
58
What is the remainder when 1244 is divided by 36?
20
Calculate the remainder when 84 is divided by 28.
0
Calculate the remainder when 621 is divided by 200.
21
What is the remainder when 1269 is divided by 630?
9
What is the remainder when 13937 is divided by 101?
100
Calculate the remainder when 585 is divided 